 is divided by 101.
17
Calculate the remainder when 191041 is divided by 32.
1
What is the remainder when 4691 is divided by 527?
475
What is the remainder when 11170 is divided by 8?
2
What is the remainder when 9826 is divided by 95?
41
Calculate the remainder when 1158 is divided by 21.
3
Calculate the remainder when 3738 is divided by 48.
42
Calculate the remainder when 13607 is divided by 3325.
307
What is the remainder when 12005 is divided by 207?
206
Calculate the remainder when 37388 is divided by 37335.
53
Calculate the remainder when 7240 is divided by 48.
40
Calculate the remainder when 2679 is divided by 200.
79
Calculate the remainder when 87698 is divided by 232.
2
What is the remainder when 5105 is divided by 732?
713
What is the remainder when 23005 is divided by 764?
85
Calculate the remainder when 107697 is divided by 40.
17
Calculate the remainder when 8224 is divided by 11.
7
Calculate the remainder when 461092 is divided by 368.
356
What is the remainder when 154876 is divided by 1229?
22
What is the remainder when 80192 is divided by 1485?
2
What is the remainder when 31004 is divided by 553?
36
Calculate the remainder when 77346 is divided by 1578.
24
What is the remainder when 3344 is divided by 2836?
508
What is the remainder when 19940 is divided by 1?
0
What is the remainder when 8422 is divided by 114?
100
What is the remainder when 11486 is divided by 153?
11
What is the remainder when 2004959 is divided by 12?
11
Calculate the remainder when 3842 is divided by 545.
27
What is the remainder when 265450 is divided by 21?
10
Calculate the remainder when 4188 is divided by 25.
13
Calculate the remainder when 402449 is divided by 291.
287
What is the remainder when 164273 is divided by 80?
33
Calculate the remainder when 58712 is divided by 1678.
1660
What is the remainder when 10187 is divided by 649?
452
Calculate the remainder when 247821 is divided by 9.
6
What is the remainder when 6103 is divided by 47?
40
Calculate the remainder when 81325 is divided by 172.
141
Calculate the remainder when 19019 is divided by 23.
21
What is the remainder when 884800 is divided by 52047?
1
What is the remainder when 34724 is divided by 224?
4
Calculate the remainder when 282774 is divided by 47127.
12
What is the remainder when 178792 is divided by 455?
432
What is the remainder when 36728 is divided by 1113?
1112
Calculate the remainder when 1300 is divided by 432.
4
What is the remainder when 4763589 is divided by 18?
15
Calculate the remainder when 2189561 is divided by 331.
327
What is the remainder when 1700 is divided by 280?
20
Calculate the remainder when 665499 is divided by 22.
21
Calculate the remainder when 2148 is divided by 89.
12
What is the remainder when 198 is divided by 68?
62
Calculate the remainder when 462307 is divided by 73.
71
What is the remainder when 2156 is divided by 1?
0
What is the remainder when 937 is divided by 48?
25
Calculate the remainder when 1316413 is divided by 465.
463
Calculate the remainder when 38648 is divided by 232.
136
What is the remainder when 19192 is divided by 6286?
334
Calculate the remainder when 443 is divided by 32.
27
Calculate the remainder when 40441 is divided by 649.
203
What is the remainder when 8523 is divided by 17?
6
What is the remainder when 26692 is divided by 834?
4
Calculate the remainder when 33119 is divided by 52.
47
Calculate the remainder when 5133583 is divided by 1021.
1016
Calculate the remainder when 245069 is divided by 70.
69
What is the remainder when 6488 is divided by 17?
11
What is the remainder when 463 is divided by 78?
73
What is the remainder when 71601 is divided by 51?
48
What is the remainder when 25713 is divided by 17?
9
Calculate the remainder when 5518 is divided by 553.
541
What is the remainder when 5597 is divided by 115?
77
Calculate the remainder when 363526 is divided by 361.
360
Calculate the remainder when 524 is divided by 68.
48
What is the remainder when 739769 is divided by 946?
943
Calculate the remainder when 10068099 is divided by 1330.
1329
Calculate the remainder when 737 is divided by 717.
20
What is the remainder when 52514 is divided by 26210?
94
What is the remainder when 19375 is divided by 4843?
3
Calculate the remainder when 187294 is divided by 48.
46
Calculate the remainder when 52932 is divided by 1080.
12
Calculate the remainder when 9296 is divided by 1544.
32
Calculate the remainder when 11958 is divided by 41.
27
What is the remainder when 56097 is divided by 28032?
33
What is the remainder when 36239 is divided by 281?
271
Calculate the remainder when 894 is divided by 81.
3
What is the remainder when 1406860 is divided by 38?
24
Calculate the remainder when 3128 is divided by 193.
40
What is the remainder when 3066 is divided by 233?
37
Calculate the remainder when 66657 is divided by 967.
901
What is the remainder when 8756 is divided by 366?
338
What is the remainder when 6791 is divided by 93?
2
Calculate the remainder when 30774 is divided by 7691.
10
What is the remainder when 1026254 is divided by 93?
92
What is the remainder when 2345 is divided by 130?
5
Calculate the remainder when 618 is divided by 103.
0
Calculate the remainder when 16194 is divided by 5381.
51
Calculate the remainder when 39797 is divided by 18.
17
Calculate the remainder when 689628 is divided by 243.
237
What is the remainder when 111714 is divided by 1299?
0
Calculate the remainder when 63038 is divided by 6281.
228
Calculate the remainder when 893 is divided by 202.
85
Calculate the remainder when 35594 is divided by 51.
47
What is the remainder when 13526 is divided by 3381?
2
What is the remainder when 1413 is divided by 186?
111
Calculate the remainder when 1056 is divided by 230.
136
Calculate the remainder when 6410 is divided by 146.
132
Calculate the remainder when 811322 is divided by 151.
150
What is the remainder when 378785 is divided by 54103?
64
What is the remainder when 2314 is divided by 769?
7
Calculate the remainder when 662507 is divided by 18.
17
What is the remainder when 1317028 is divided by 1535?
1533
What is the remainder when 5188 is divided by 130?
118
What is the remainder when 608133 is divided by 303?
12
Calculate the remainder when 2172 is divided by 781.
610
What is the remainder when 271179 is divided by 1089?
18
Calculate the remainder when 49295 is divided by 12321.
11
What is the remainder when 269195 is divided by 281?
278
What is the remainder when 2604 is divided by 1215?
174
Calculate the remainder when 1108 is divided by 272.
20
Calculate the remainder when 129576 is divided by 906.
18
What is the remainder when 70280 is divided by 4?
0
What is the remainder when 4740 is divided by 2222?
296
Calculate the remainder when 188648 is divided by 15719.
20
Calculate the remainder when 240428 is divided by 38.
2
Calculate the remainder when 1079982 is divided by 359994.
0
Calculate the remainder when 156553 is divided by 78212.
129
What is the remainder when 16359 is divided by 821?
760
Calculate the remainder when 69331 is divided by 404.
247
Calculate the remainder when 54902 is divided by 280.
22
What is the remainder when 1762091 is divided by 23?
15
What is the remainder when 4742 is divided by 143?
23
Calculate the remainder when 58884 is divided by 29442.
0
Calculate the remainder when 134756 is divided by 134754.
2
What is the remainder when 52644 is divided by 5264?
4
Calculate the remainder when 2435 is divided by 88.
59
What is the remainder when 12147 is divided by 206?
199
What is the remainder when 5620 is divided by 5282?
338
Calculate the remainder when 5088 is divided by 1681.
45
Calculate the remainder when 963 is divided by 33.
6
What is the remainder when 9614 is divided by 37?
31
What is the remainder when 43037 is divided by 1388?
9
What is the remainder when 6173 is divided by 5700?
473
Calculate the remainder when 455518 is divided by 37.
11
Calculate the remainder when 7616 is divided by 3638.
340
What is the remainder when 105819 is divided by 26?
25
Calculate the remainder when 38340 is divided by 19162.
16
What is the remainder when 19382 is divided by 46?
16
What is the remainder when 2820 is divided by 2766?
54
Calculate the remainder when 477 is 